{"id":911,"date":"2022-10-15T14:33:48","date_gmt":"2022-10-15T17:33:48","guid":{"rendered":"https:\/\/isfdyt239-bue.infd.edu.ar\/sitio\/?page_id=911"},"modified":"2024-06-04T20:56:49","modified_gmt":"2024-06-04T23:56:49","slug":"certificados","status":"publish","type":"page","link":"https:\/\/isfdyt239-bue.infd.edu.ar\/sitio\/estudiantes\/certificados\/","title":{"rendered":"Certificados"},"content":{"rendered":"\n<p>El estudiante podr\u00e1 acceder a los formularios correspondientes, imprimirlos y llenarlos. Una vez completo y en momentos de concurrir al Instituto dejarlo en Preceptor\u00eda para la correspondiente certificaci\u00f3n. El plazo m\u00ednimo es de una semana de demora, dependiendo el tipo de certificado puede extenderse m\u00e1s.<\/p>\n\n\n\n<h6 class=\"wp-block-heading\">Alumno regular<\/h6>\n\n\n\n<p>Para solicitar este certificado, debe tener el legajo completo con todos los requisitos de inscripci\u00f3n.<\/p>\n\n\n\n<p><a href=\"https:\/\/drive.google.com\/file\/d\/14BnDRftkKmoA233b-LO_NHzuloHq95hC\/view?usp=sharing\" data-type=\"URL\" data-id=\"https:\/\/drive.google.com\/file\/d\/14BnDRftkKmoA233b-LO_NHzuloHq95hC\/view?usp=sharing\" target=\"_blank\" rel=\"noreferrer noopener\">Certificado de alumno regular<\/a><\/p>\n\n\n\n<h6 class=\"wp-block-heading\">Asistencia a ex\u00e1menes<\/h6>\n\n\n\n<p>Para solicitar este certificado el estudiante debe tener el legajo completo cumplimentado con todos los requisitos de inscripci\u00f3n. Verifique que debe ser firmado por el profesor tambi\u00e9n, y una vez realizado esto, se deja el certificado en Preceptor\u00eda.<\/p>\n\n\n\n<p><a rel=\"noreferrer noopener\" href=\"https:\/\/drive.google.com\/file\/d\/1s-9btSNPQIB4-IpCjQ796g63xsJYowBO\/view?usp=sharing\" data-type=\"URL\" data-id=\"https:\/\/drive.google.com\/file\/d\/1s-9btSNPQIB4-IpCjQ796g63xsJYowBO\/view?usp=sharing\" target=\"_blank\">Certificado de asistencia a ex\u00e1menes<\/a><\/p>\n\n\n\n<h6 class=\"wp-block-heading\">Asistencia a Pr\u00e1cticas<\/h6>\n\n\n\n<p>Previa a la solicitud de la certificaci\u00f3n de Pr\u00e1cticas (docentes o profesionales) el profesor debi\u00f3 haber dado aviso de las mismas, presentando un plan de Pr\u00e1cticas. Frente a eso, el estudiante puede solicitar el certificado una vez finalizado el periodo de Pr\u00e1ctica.<\/p>\n\n\n\n<p><a href=\"https:\/\/drive.google.com\/file\/d\/1tukLVC6x1mPhxAklthG0h_bIvEBBroCR\/view?usp=sharing\" data-type=\"URL\" data-id=\"https:\/\/drive.google.com\/file\/d\/1tukLVC6x1mPhxAklthG0h_bIvEBBroCR\/view?usp=sharing\" target=\"_blank\" rel=\"noreferrer noopener\">Certificado de asistencia a Pr\u00e1cticas<\/a><\/p>\n\n\n\n<h6 class=\"wp-block-heading\">Constancia de horarios de cursada<\/h6>\n\n\n\n<p>El presente certificado no existe dentro del Manual de Procedimientos, y en l\u00edneas generales a nivel educativo no constituye un certificado en s\u00ed. Por ello, a trav\u00e9s de una nota, y en pos de colaborar con el claustro estudiantil, es que se presenta el mismo. Al igual que sucede con todos los certificados, el estudiante deber\u00e1 completarlo, dejarlo en Preceptor\u00eda y una vez certificado pasarlo a retirar.<\/p>\n\n\n\n<p><a href=\"https:\/\/drive.google.com\/file\/d\/1SHQ6poe9rvHmTbAH8gVajbbnL9v14Msl\/view?usp=sharing\" data-type=\"URL\" data-id=\"https:\/\/drive.google.com\/file\/d\/1SHQ6poe9rvHmTbAH8gVajbbnL9v14Msl\/view?usp=sharing\" target=\"_blank\" rel=\"noreferrer noopener\">Certificado de d\u00edas y horarios de cursadas<\/a><\/p>\n","protected":false},"excerpt":{"rendered":"<p>El estudiante podr\u00e1 acceder a los formularios correspondientes, imprimirlos y llenarlos. Una vez completo y en momentos de concurrir al Instituto dejarlo en Preceptor\u00eda para la correspondiente certificaci\u00f3n. El plazo m\u00ednimo es de una semana de demora, dependiendo el tipo de certificado puede extenderse m\u00e1s. Alumno regular Para solicitar este certificado, debe tener el legajo &#8230; <a title=\"Certificados\" class=\"read-more\" href=\"https:\/\/isfdyt239-bue.infd.edu.ar\/sitio\/estudiantes\/certificados\/\" aria-label=\"M\u00e1s en Certificados\">[+]<\/a><\/p>\n","protected":false},"author":18,"featured_media":0,"parent":908,"menu_order":1,"comment_status":"closed","ping_status":"closed","template":"","meta":[],"acf":[],"_links":{"self":[{"href":"https:\/\/isfdyt239-bue.infd.edu.ar\/sitio\/wp-json\/wp\/v2\/pages\/911"}],"collection":[{"href":"https:\/\/isfdyt239-bue.infd.edu.ar\/sitio\/wp-json\/wp\/v2\/pages"}],"about":[{"href":"https:\/\/isfdyt239-bue.infd.edu.ar\/sitio\/wp-json\/wp\/v2\/types\/page"}],"author":[{"embeddable":true,"href":"https:\/\/isfdyt239-bue.infd.edu.ar\/sitio\/wp-json\/wp\/v2\/users\/18"}],"replies":[{"embeddable":true,"href":"https:\/\/isfdyt239-bue.infd.edu.ar\/sitio\/wp-json\/wp\/v2\/comments?post=911"}],"version-history":[{"count":6,"href":"https:\/\/isfdyt239-bue.infd.edu.ar\/sitio\/wp-json\/wp\/v2\/pages\/911\/revisions"}],"predecessor-version":[{"id":1341,"href":"https:\/\/isfdyt239-bue.infd.edu.ar\/sitio\/wp-json\/wp\/v2\/pages\/911\/revisions\/1341"}],"up":[{"embeddable":true,"href":"https:\/\/isfdyt239-bue.infd.edu.ar\/sitio\/wp-json\/wp\/v2\/pages\/908"}],"wp:attachment":[{"href":"https:\/\/isfdyt239-bue.infd.edu.ar\/sitio\/wp-json\/wp\/v2\/media?parent=911"}],"curies":[{"name":"wp","href":"https:\/\/api.w.org\/{rel}","templated":true}]}}