{"id":892,"date":"2022-10-14T21:03:39","date_gmt":"2022-10-15T00:03:39","guid":{"rendered":"https:\/\/isfdyt239-bue.infd.edu.ar\/sitio\/?page_id=892"},"modified":"2025-06-12T16:56:52","modified_gmt":"2025-06-12T19:56:52","slug":"inscripcion","status":"publish","type":"page","link":"https:\/\/isfdyt239-bue.infd.edu.ar\/sitio\/inscripcion\/","title":{"rendered":"Inscripciones"},"content":{"rendered":"\n<p>Como Instituto modelo comprometido con la Educaci\u00f3n P\u00fablica, ofrecemos acceso abierto a toda la comunidad a diversas propuestas formativas sin restricciones de ingreso.<\/p>\n\n\n\n<p>Es un Instituto de Gesti\u00f3n P\u00fablica avalado por la Direcci\u00f3n General de Cultura y Educaci\u00f3n, y enteramente gratuito.<\/p>\n\n\n\n<p>No obstante, para formalizar la inscripci\u00f3n a cualquier propuesta formativa es necesario cumplimentar con los siguientes requisitos:<\/p>\n\n\n\n<ul>\n<li>Haber completado el formulario de PreInscripci\u00f3n<\/li>\n\n\n\n<li>Formulario de Inscripci\u00f3n.<\/li>\n\n\n\n<li>Fotocopia del Documento Nacional de Identidad.<\/li>\n\n\n\n<li>Fotocopia del T\u00edtulo Secundario legalizado a nivel provincial. Puede legalizarlo en la&nbsp;<a rel=\"noreferrer noopener\" href=\"https:\/\/abc2.abc.gob.ar\/tramites\/legalizaci%C3%B3n-de-t%C3%ADtulos-y-cursos\" target=\"_blank\">Direcci\u00f3n General de Cultura y Educaci\u00f3n<\/a>&nbsp;o realizarlo en las dependencias registradas de su zona de residencia.<sup>1<\/sup><\/li>\n\n\n\n<li>3 fotos carnet.<\/li>\n\n\n\n<li>Certificado de aptitud psico &#8211; f\u00edsica.<sup>2<\/sup><\/li>\n<\/ul>\n\n\n\n<p>Una vez terminado el proceso de inscripci\u00f3n, se conformar\u00e1 el legajo del estudiante y al momento de estar inscripto en alguna materia ser\u00e1 alumno regular de la propuesta a la que se inscribi\u00f3; esto hace que si es alumno regular ser\u00e1 plausible de calificaci\u00f3n en las materias y tambi\u00e9n de la solicitud de certificados.<\/p>\n\n\n\n<p><sup>1<\/sup>El estudiante puede presentar un certificado de t\u00edtulo en tr\u00e1mite, o en el caso de adeudar materias, presentar un certificado que de cuenta de las materias adeudadas. Debiendo regularizar su situaci\u00f3n, es decir concurriendo con el anal\u00edtico legalizado, como plazo m\u00e1ximo Agosto del ciclo en el que se inscribe.<\/p>\n\n\n\n<p><sup>2<\/sup>En los casos donde no se posea el certificado, debido a los plazos, podr\u00e1 mediante nota regularizar su inscripci\u00f3n comprometi\u00e9ndose a presentar el certificado antes de Agosto del ciclo en el que se inscribe.<\/p>\n\n\n\n<figure class=\"wp-block-pullquote\"><blockquote><p><em>Per\u00edodo de PreInscripci\u00f3n (digital): <\/em><\/p><cite>Per\u00edodo de Inscripci\u00f3n (presencial): seg\u00fan calendario y propuesta a inscribir.<\/cite><\/blockquote><\/figure>\n","protected":false},"excerpt":{"rendered":"<p>Como Instituto modelo comprometido con la Educaci\u00f3n P\u00fablica, ofrecemos acceso abierto a toda la comunidad a diversas propuestas formativas sin restricciones de ingreso. Es un Instituto de Gesti\u00f3n P\u00fablica avalado por la Direcci\u00f3n General de Cultura y Educaci\u00f3n, y enteramente gratuito. No obstante, para formalizar la inscripci\u00f3n a cualquier propuesta formativa es necesario cumplimentar con &#8230; <a title=\"Inscripciones\" class=\"read-more\" href=\"https:\/\/isfdyt239-bue.infd.edu.ar\/sitio\/inscripcion\/\" aria-label=\"M\u00e1s en Inscripciones\">[+]<\/a><\/p>\n","protected":false},"author":18,"featured_media":0,"parent":0,"menu_order":0,"comment_status":"closed","ping_status":"closed","template":"","meta":[],"acf":[],"_links":{"self":[{"href":"https:\/\/isfdyt239-bue.infd.edu.ar\/sitio\/wp-json\/wp\/v2\/pages\/892"}],"collection":[{"href":"https:\/\/isfdyt239-bue.infd.edu.ar\/sitio\/wp-json\/wp\/v2\/pages"}],"about":[{"href":"https:\/\/isfdyt239-bue.infd.edu.ar\/sitio\/wp-json\/wp\/v2\/types\/page"}],"author":[{"embeddable":true,"href":"https:\/\/isfdyt239-bue.infd.edu.ar\/sitio\/wp-json\/wp\/v2\/users\/18"}],"replies":[{"embeddable":true,"href":"https:\/\/isfdyt239-bue.infd.edu.ar\/sitio\/wp-json\/wp\/v2\/comments?post=892"}],"version-history":[{"count":13,"href":"https:\/\/isfdyt239-bue.infd.edu.ar\/sitio\/wp-json\/wp\/v2\/pages\/892\/revisions"}],"predecessor-version":[{"id":1396,"href":"https:\/\/isfdyt239-bue.infd.edu.ar\/sitio\/wp-json\/wp\/v2\/pages\/892\/revisions\/1396"}],"wp:attachment":[{"href":"https:\/\/isfdyt239-bue.infd.edu.ar\/sitio\/wp-json\/wp\/v2\/media?parent=892"}],"curies":[{"name":"wp","href":"https:\/\/api.w.org\/{rel}","templated":true}]}}