{"id":886,"date":"2022-10-14T20:43:52","date_gmt":"2022-10-14T23:43:52","guid":{"rendered":"https:\/\/isfdyt239-bue.infd.edu.ar\/sitio\/?page_id=886"},"modified":"2023-02-25T09:54:22","modified_gmt":"2023-02-25T12:54:22","slug":"correlativas-seguridad","status":"publish","type":"page","link":"https:\/\/isfdyt239-bue.infd.edu.ar\/sitio\/carreras\/seguridad-higiene\/correlativas-seguridad\/","title":{"rendered":"Plan de Correlatividades"},"content":{"rendered":"\n<p>El cursado y aprobaci\u00f3n de un Plan de Estudios est\u00e1 regido por un R\u00e9gimen de Correlatividades. El R\u00e9gimen de Correlatividades establece que para cursar y aprobar una materia, deben cumplimentarse los requisitos estipulados en el R\u00e9gimen.<\/p>\n\n\n\n<p>Al momento de cursar o rendir el examen final de una asignatura, todas las materias que sean correlativas de la misma deben estar cursadas y\/o aprobadas (seg\u00fan corresponda).<\/p>\n\n\n\n<p>Es importante que al momento de ingresar a la Tecnicatura, el estudiante se informe sobre el R\u00e9gimen de Correlatividades para ir planeando c\u00f3mo y cu\u00e1ndo cursar y rendir las diferentes materias. Los planes de estudios pueden consultarse en el acceso Carreras.<\/p>\n\n\n\n<p>En la Tecnicatura Superior en Higiene y Seguridad en el Trabajo el r\u00e9gimen establece una correlatividad cursada a cursada &#8211; final a final. Eso quiere decir que para cursar o rendir final de la materia correlativa deber\u00e1 tener aprobada la cursada o el final de la respectiva materia.<\/p>\n\n\n\n<h5 class=\"wp-block-heading\">Correlatividades de las Cursadas<\/h5>\n\n\n\n<figure class=\"wp-block-table aligncenter\"><table><tbody><tr><td class=\"has-text-align-center\" data-align=\"center\"><strong>Para cursar<\/strong><\/td><td class=\"has-text-align-center\" data-align=\"center\"><strong>Deber\u00e1 tener la cursada aprobada de<\/strong><\/td><\/tr><tr><td class=\"has-text-align-center\" data-align=\"center\">F\u00edsica 2<\/td><td class=\"has-text-align-center\" data-align=\"center\">F\u00edsica 1<\/td><\/tr><tr><td class=\"has-text-align-center\" data-align=\"center\">Qu\u00edmica 2<\/td><td class=\"has-text-align-center\" data-align=\"center\">Qu\u00edmica 1<\/td><\/tr><tr><td class=\"has-text-align-center\" data-align=\"center\">Medicina del Trabajo 2<\/td><td class=\"has-text-align-center\" data-align=\"center\">Medicina del Trabajo 1<\/td><\/tr><tr><td class=\"has-text-align-center\" data-align=\"center\">Ergonom\u00eda<\/td><td class=\"has-text-align-center\" data-align=\"center\">Medicina del Trabajo 1<\/td><\/tr><tr><td class=\"has-text-align-center\" data-align=\"center\">Capacitaci\u00f3n del personal<\/td><td class=\"has-text-align-center\" data-align=\"center\">Psicolog\u00eda laboral<\/td><\/tr><tr><td class=\"has-text-align-center\" data-align=\"center\">Seguridad 2<\/td><td class=\"has-text-align-center\" data-align=\"center\">Seguridad 1<\/td><\/tr><tr><td class=\"has-text-align-center\" data-align=\"center\">Comunicaci\u00f3n y administraci\u00f3n de medios<\/td><td class=\"has-text-align-center\" data-align=\"center\">Administraci\u00f3n de las organizaciones<\/td><\/tr><tr><td class=\"has-text-align-center\" data-align=\"center\">Seguridad 3<\/td><td class=\"has-text-align-center\" data-align=\"center\">Seguridad 2<\/td><\/tr><tr><td class=\"has-text-align-center\" data-align=\"center\">Higiene laboral y medio ambiente 2<\/td><td class=\"has-text-align-center\" data-align=\"center\">Higiene laboral y medio ambiente 1<\/td><\/tr><tr><td class=\"has-text-align-center\" data-align=\"center\">Control de la contaminaci\u00f3n<\/td><td class=\"has-text-align-center\" data-align=\"center\">Higiene laboral y medio ambiente 1<\/td><\/tr><\/tbody><\/table><\/figure>\n\n\n\n<h5 class=\"wp-block-heading\">Correlatividades de los Finales<\/h5>\n\n\n\n<figure class=\"wp-block-table aligncenter\"><table><tbody><tr><td class=\"has-text-align-center\" data-align=\"center\"><strong>Para aprobar<\/strong><\/td><td class=\"has-text-align-center\" data-align=\"center\"><strong>Deber\u00e1 tener el final aprobado de<\/strong><\/td><\/tr><tr><td class=\"has-text-align-center\" data-align=\"center\">F\u00edsica 2<\/td><td class=\"has-text-align-center\" data-align=\"center\">F\u00edsica 1<\/td><\/tr><tr><td class=\"has-text-align-center\" data-align=\"center\">Qu\u00edmica 2<\/td><td class=\"has-text-align-center\" data-align=\"center\">Qu\u00edmica 1<\/td><\/tr><tr><td class=\"has-text-align-center\" data-align=\"center\">Medicina del Trabajo 2<\/td><td class=\"has-text-align-center\" data-align=\"center\">Medicina del Trabajo 1<\/td><\/tr><tr><td class=\"has-text-align-center\" data-align=\"center\">Ergonom\u00eda<\/td><td class=\"has-text-align-center\" data-align=\"center\">Medicina del Trabajo 1<\/td><\/tr><tr><td class=\"has-text-align-center\" data-align=\"center\">Capacitaci\u00f3n de personal<\/td><td class=\"has-text-align-center\" data-align=\"center\">Psicolog\u00eda laboral<\/td><\/tr><tr><td class=\"has-text-align-center\" data-align=\"center\">Seguridad 2<\/td><td class=\"has-text-align-center\" data-align=\"center\">Seguridad 1<\/td><\/tr><tr><td class=\"has-text-align-center\" data-align=\"center\">Comunicaci\u00f3n y administraci\u00f3n de medios<\/td><td class=\"has-text-align-center\" data-align=\"center\">Administraci\u00f3n de las organizaciones<\/td><\/tr><tr><td class=\"has-text-align-center\" data-align=\"center\">Seguridad 3<\/td><td class=\"has-text-align-center\" data-align=\"center\">Seguridad 2<\/td><\/tr><tr><td class=\"has-text-align-center\" data-align=\"center\">Higiene laboral y medio ambiente 2<\/td><td class=\"has-text-align-center\" data-align=\"center\">Higiene laboral y medio ambiente 1<\/td><\/tr><tr><td class=\"has-text-align-center\" data-align=\"center\">Control de la contaminaci\u00f3n<\/td><td class=\"has-text-align-center\" data-align=\"center\">Higiene laboral y medio ambiente 1<\/td><\/tr><\/tbody><\/table><\/figure>\n","protected":false},"excerpt":{"rendered":"<p>El cursado y aprobaci\u00f3n de un Plan de Estudios est\u00e1 regido por un R\u00e9gimen de Correlatividades. El R\u00e9gimen de Correlatividades establece que para cursar y aprobar una materia, deben cumplimentarse los requisitos estipulados en el R\u00e9gimen. Al momento de cursar o rendir el examen final de una asignatura, todas las materias que sean correlativas de &#8230; <a title=\"Plan de Correlatividades\" class=\"read-more\" href=\"https:\/\/isfdyt239-bue.infd.edu.ar\/sitio\/carreras\/seguridad-higiene\/correlativas-seguridad\/\" aria-label=\"M\u00e1s en Plan de Correlatividades\">[+]<\/a><\/p>\n","protected":false},"author":18,"featured_media":0,"parent":875,"menu_order":0,"comment_status":"closed","ping_status":"closed","template":"","meta":[],"acf":[],"_links":{"self":[{"href":"https:\/\/isfdyt239-bue.infd.edu.ar\/sitio\/wp-json\/wp\/v2\/pages\/886"}],"collection":[{"href":"https:\/\/isfdyt239-bue.infd.edu.ar\/sitio\/wp-json\/wp\/v2\/pages"}],"about":[{"href":"https:\/\/isfdyt239-bue.infd.edu.ar\/sitio\/wp-json\/wp\/v2\/types\/page"}],"author":[{"embeddable":true,"href":"https:\/\/isfdyt239-bue.infd.edu.ar\/sitio\/wp-json\/wp\/v2\/users\/18"}],"replies":[{"embeddable":true,"href":"https:\/\/isfdyt239-bue.infd.edu.ar\/sitio\/wp-json\/wp\/v2\/comments?post=886"}],"version-history":[{"count":3,"href":"https:\/\/isfdyt239-bue.infd.edu.ar\/sitio\/wp-json\/wp\/v2\/pages\/886\/revisions"}],"predecessor-version":[{"id":1035,"href":"https:\/\/isfdyt239-bue.infd.edu.ar\/sitio\/wp-json\/wp\/v2\/pages\/886\/revisions\/1035"}],"up":[{"embeddable":true,"href":"https:\/\/isfdyt239-bue.infd.edu.ar\/sitio\/wp-json\/wp\/v2\/pages\/875"}],"wp:attachment":[{"href":"https:\/\/isfdyt239-bue.infd.edu.ar\/sitio\/wp-json\/wp\/v2\/media?parent=886"}],"curies":[{"name":"wp","href":"https:\/\/api.w.org\/{rel}","templated":true}]}}