{"id":881,"date":"2022-10-14T19:46:10","date_gmt":"2022-10-14T22:46:10","guid":{"rendered":"https:\/\/isfdyt239-bue.infd.edu.ar\/sitio\/?page_id=881"},"modified":"2023-03-06T20:15:14","modified_gmt":"2023-03-06T23:15:14","slug":"programa-seguridad","status":"publish","type":"page","link":"https:\/\/isfdyt239-bue.infd.edu.ar\/sitio\/carreras\/seguridad-higiene\/programa-seguridad\/","title":{"rendered":"Plan de Estudios"},"content":{"rendered":"\n<p>La Resoluci\u00f3n que rige la estructura curricular de la Tecnicatura Superior en Higiene y Seguridad en el Trabajo es la <a href=\"https:\/\/drive.google.com\/file\/d\/15juDq8zBerBIz5DaOVpTQEp3EGh9Jzw1\/view?usp=sharing\" data-type=\"URL\" data-id=\"https:\/\/drive.google.com\/file\/d\/15juDq8zBerBIz5DaOVpTQEp3EGh9Jzw1\/view?usp=sharing\">Resoluci\u00f3n N\u00b0 32<\/a><a rel=\"noreferrer noopener\" href=\"https:\/\/drive.google.com\/file\/d\/15juDq8zBerBIz5DaOVpTQEp3EGh9Jzw1\/view?usp=sharing\" data-type=\"URL\" data-id=\"https:\/\/drive.google.com\/file\/d\/15juDq8zBerBIz5DaOVpTQEp3EGh9Jzw1\/view?usp=sharing\" target=\"_blank\">0\/13<\/a> de la Direcci\u00f3n General de Cultura y Educaci\u00f3n de la Provincia de Buenos Aires.<\/p>\n\n\n\n<figure class=\"wp-block-table alignwide is-style-stripes\"><table><tbody><tr><td class=\"has-text-align-center\" data-align=\"center\"><strong>\n\nAdministraci\u00f3n de las organizaciones\n\n<\/strong><\/td><td class=\"has-text-align-center\" data-align=\"center\"><strong>Psicolog\u00eda Laboral<\/strong><\/td><td class=\"has-text-align-center\" data-align=\"center\"><strong>F\u00edsica 1<\/strong><\/td><td class=\"has-text-align-center\" data-align=\"center\"><strong>Qu\u00edmica 1<\/strong><\/td><td class=\"has-text-align-center\" data-align=\"center\"><strong>Medios de Representaci\u00f3n<\/strong><\/td><td class=\"has-text-align-center\" data-align=\"center\"><strong>Medicina del Trabajo 1<\/strong><\/td><td class=\"has-text-align-center\" data-align=\"center\"><strong>Seguridad 1<\/strong><\/td><td class=\"has-text-align-center\" data-align=\"center\"><strong>Derecho del Trabajo<\/strong><\/td><td class=\"has-text-align-center\" data-align=\"center\"><strong>Pr\u00e1ctica Profesionalizante 1<\/strong><\/td><\/tr><tr><td class=\"has-text-align-center\" data-align=\"center\">96 horas<\/td><td class=\"has-text-align-center\" data-align=\"center\">64 horas<\/td><td class=\"has-text-align-center\" data-align=\"center\">64 horas<\/td><td class=\"has-text-align-center\" data-align=\"center\">64 horas<\/td><td class=\"has-text-align-center\" data-align=\"center\">64 horas<\/td><td class=\"has-text-align-center\" data-align=\"center\">64 horas<\/td><td class=\"has-text-align-center\" data-align=\"center\">96 horas<\/td><td class=\"has-text-align-center\" data-align=\"center\">64 horas<\/td><td class=\"has-text-align-center\" data-align=\"center\">64 horas<\/td><\/tr><\/tbody><\/table><figcaption>Primer a\u00f1o de la Tecnicatura Superior en Higiene y Seguridad en el Trabajo<\/figcaption><\/figure>\n\n\n\n<figure class=\"wp-block-table alignwide is-style-stripes\"><table><tbody><tr><td class=\"has-text-align-center\" data-align=\"center\"><strong>Estad\u00edstica<\/strong><\/td><td class=\"has-text-align-center\" data-align=\"center\"><strong>F\u00edsica 2<\/strong><\/td><td class=\"has-text-align-center\" data-align=\"center\"><strong>Qu\u00edmica 2<\/strong><\/td><td class=\"has-text-align-center\" data-align=\"center\"><strong>Ingl\u00e9s T\u00e9cnico<\/strong><\/td><td class=\"has-text-align-center\" data-align=\"center\"><strong>Ergonom\u00eda<\/strong><\/td><td class=\"has-text-align-center\" data-align=\"center\"><strong>Seguridad 2<\/strong><\/td><td class=\"has-text-align-center\" data-align=\"center\"><strong>Higiene laboral y medio ambiente 1<\/strong><\/td><td class=\"has-text-align-center\" data-align=\"center\"><strong>Medicina del Trabajo 2<\/strong><\/td><td class=\"has-text-align-center\" data-align=\"center\"><strong>Pr\u00e1ctica Profesionalizante 2<\/strong><\/td><\/tr><tr><td class=\"has-text-align-center\" data-align=\"center\">64 horas<\/td><td class=\"has-text-align-center\" data-align=\"center\">64 horas<\/td><td class=\"has-text-align-center\" data-align=\"center\">64 horas<\/td><td class=\"has-text-align-center\" data-align=\"center\">64 horas<\/td><td class=\"has-text-align-center\" data-align=\"center\">64 horas<\/td><td class=\"has-text-align-center\" data-align=\"center\">96 horas<\/td><td class=\"has-text-align-center\" data-align=\"center\">64 horas<\/td><td class=\"has-text-align-center\" data-align=\"center\">64 horas<\/td><td class=\"has-text-align-center\" data-align=\"center\">96 horas<\/td><\/tr><\/tbody><\/table><figcaption>Segundo a\u00f1o de la Tecnicatura Superior en Higiene y Seguridad en el Trabajo<\/figcaption><\/figure>\n\n\n\n<figure class=\"wp-block-table is-style-stripes\"><table><tbody><tr><td class=\"has-text-align-center\" data-align=\"center\"><strong>Comunicaci\u00f3n y administraci\u00f3n de medios<\/strong><\/td><td class=\"has-text-align-center\" data-align=\"center\"><strong>Capacitaci\u00f3n de personal<\/strong><\/td><td class=\"has-text-align-center\" data-align=\"center\"><strong>Seguridad 3<\/strong><\/td><td class=\"has-text-align-center\" data-align=\"center\"><strong>Higiene laboral y medio ambiente 2<\/strong><\/td><td class=\"has-text-align-center\" data-align=\"center\"><strong>Control de la contaminaci\u00f3n<\/strong><\/td><td class=\"has-text-align-center\" data-align=\"center\"><strong>Pr\u00e1ctica Profesionalizante 3<\/strong><\/td><\/tr><tr><td class=\"has-text-align-center\" data-align=\"center\">64 horas<\/td><td class=\"has-text-align-center\" data-align=\"center\">64 horas<\/td><td class=\"has-text-align-center\" data-align=\"center\">128 horas<\/td><td class=\"has-text-align-center\" data-align=\"center\">96 horas<\/td><td class=\"has-text-align-center\" data-align=\"center\">96 horas<\/td><td class=\"has-text-align-center\" data-align=\"center\">192 horas<\/td><\/tr><\/tbody><\/table><figcaption>Tercer a\u00f1o de la Tecnicatura Superior en Higiene y Seguridad en el Trabajo<\/figcaption><\/figure>\n","protected":false},"excerpt":{"rendered":"<p>La Resoluci\u00f3n que rige la estructura curricular de la Tecnicatura Superior en Higiene y Seguridad en el Trabajo es la Resoluci\u00f3n N\u00b0 320\/13 de la Direcci\u00f3n General de Cultura y Educaci\u00f3n de la Provincia de Buenos Aires. Administraci\u00f3n de las organizaciones Psicolog\u00eda Laboral F\u00edsica 1 Qu\u00edmica 1 Medios de Representaci\u00f3n Medicina del Trabajo 1 Seguridad &#8230; <a title=\"Plan de Estudios\" class=\"read-more\" href=\"https:\/\/isfdyt239-bue.infd.edu.ar\/sitio\/carreras\/seguridad-higiene\/programa-seguridad\/\" aria-label=\"M\u00e1s en Plan de Estudios\">[+]<\/a><\/p>\n","protected":false},"author":18,"featured_media":0,"parent":875,"menu_order":0,"comment_status":"closed","ping_status":"closed","template":"","meta":[],"acf":[],"_links":{"self":[{"href":"https:\/\/isfdyt239-bue.infd.edu.ar\/sitio\/wp-json\/wp\/v2\/pages\/881"}],"collection":[{"href":"https:\/\/isfdyt239-bue.infd.edu.ar\/sitio\/wp-json\/wp\/v2\/pages"}],"about":[{"href":"https:\/\/isfdyt239-bue.infd.edu.ar\/sitio\/wp-json\/wp\/v2\/types\/page"}],"author":[{"embeddable":true,"href":"https:\/\/isfdyt239-bue.infd.edu.ar\/sitio\/wp-json\/wp\/v2\/users\/18"}],"replies":[{"embeddable":true,"href":"https:\/\/isfdyt239-bue.infd.edu.ar\/sitio\/wp-json\/wp\/v2\/comments?post=881"}],"version-history":[{"count":2,"href":"https:\/\/isfdyt239-bue.infd.edu.ar\/sitio\/wp-json\/wp\/v2\/pages\/881\/revisions"}],"predecessor-version":[{"id":904,"href":"https:\/\/isfdyt239-bue.infd.edu.ar\/sitio\/wp-json\/wp\/v2\/pages\/881\/revisions\/904"}],"up":[{"embeddable":true,"href":"https:\/\/isfdyt239-bue.infd.edu.ar\/sitio\/wp-json\/wp\/v2\/pages\/875"}],"wp:attachment":[{"href":"https:\/\/isfdyt239-bue.infd.edu.ar\/sitio\/wp-json\/wp\/v2\/media?parent=881"}],"curies":[{"name":"wp","href":"https:\/\/api.w.org\/{rel}","templated":true}]}}