{"id":828,"date":"2022-09-09T21:46:15","date_gmt":"2022-09-10T00:46:15","guid":{"rendered":"https:\/\/isfdyt239-bue.infd.edu.ar\/sitio\/?page_id=828"},"modified":"2023-08-03T20:30:30","modified_gmt":"2023-08-03T23:30:30","slug":"autoridades","status":"publish","type":"page","link":"https:\/\/isfdyt239-bue.infd.edu.ar\/sitio\/inicio\/autoridades\/","title":{"rendered":"Autoridades"},"content":{"rendered":"\n<div class=\"wp-block-columns is-layout-flex wp-container-3\">\n<div class=\"wp-block-column is-layout-flow\">\n<figure class=\"wp-block-image size-large is-resized is-style-default\"><img decoding=\"async\" loading=\"lazy\" src=\"https:\/\/isfdyt239-bue.infd.edu.ar\/sitio\/wp-content\/uploads\/2022\/09\/directora-1.png\" alt=\"\" class=\"wp-image-838\" width=\"354\" height=\"356\" srcset=\"https:\/\/isfdyt239-bue.infd.edu.ar\/sitio\/wp-content\/uploads\/2022\/09\/directora-1.png 1414w, https:\/\/isfdyt239-bue.infd.edu.ar\/sitio\/wp-content\/uploads\/2022\/09\/directora-1-993x1000.png 993w, https:\/\/isfdyt239-bue.infd.edu.ar\/sitio\/wp-content\/uploads\/2022\/09\/directora-1-768x773.png 768w\" sizes=\"(max-width: 354px) 100vw, 354px\" \/><\/figure>\n<\/div>\n\n\n\n<div class=\"wp-block-column is-layout-flow\">\n<h3>Florencia Riccheri<\/h3>\n<h4>Directora<\/h4>\n<p>Subsecretar\u00eda de Planeamiento, Investigaci\u00f3n y Estad\u00edstica Educativa del <span style=\"font-weight:bold;\">Sindicato Unificado de Trabajadores de la Educaci\u00f3n de Buenos Aires (SUTEBA)<\/span><\/p>\n<p>Profesora de Educaci\u00f3n Primaria<\/p>\n<p> Licenciada en Ciencias de la Educaci\u00f3n con la Maestr\u00eda en Formaci\u00f3n Docente<\/p>\n<\/div>\n<\/div>\n\n\n\n<hr class=\"wp-block-separator has-css-opacity\"\/>\n\n\n\n<div class=\"wp-block-columns is-layout-flex wp-container-6\">\n<div class=\"wp-block-column is-layout-flow\">\n<h3>Miriam Contigiani<\/h3>\n<h4>Secretaria<\/h4>\n<p>Profesora y Licenciada en Comunicaci\u00f3n Social<\/p>\n<p>Especialista en Pedagog\u00eda de la Formaci\u00f3n<\/p>\n<p>Maestranda en Educaci\u00f3n<\/p>\n<\/div>\n\n\n\n<div class=\"wp-block-column is-layout-flow\">\n<figure class=\"wp-block-image size-full is-resized\"><img decoding=\"async\" loading=\"lazy\" src=\"https:\/\/isfdyt239-bue.infd.edu.ar\/sitio\/wp-content\/uploads\/2023\/08\/Diseno-sin-titulo.png\" alt=\"\" class=\"wp-image-1142\" width=\"354\" height=\"500\"\/><\/figure>\n<\/div>\n<\/div>\n","protected":false},"excerpt":{"rendered":"<p>Florencia Riccheri Directora Subsecretar\u00eda de Planeamiento, Investigaci\u00f3n y Estad\u00edstica Educativa del Sindicato Unificado de Trabajadores de la Educaci\u00f3n de Buenos Aires (SUTEBA) Profesora de Educaci\u00f3n Primaria Licenciada en Ciencias de la Educaci\u00f3n con la Maestr\u00eda en Formaci\u00f3n Docente Miriam Contigiani Secretaria Profesora y Licenciada en Comunicaci\u00f3n Social Especialista en Pedagog\u00eda de la Formaci\u00f3n Maestranda en &#8230; <a title=\"Autoridades\" class=\"read-more\" href=\"https:\/\/isfdyt239-bue.infd.edu.ar\/sitio\/inicio\/autoridades\/\" aria-label=\"M\u00e1s en Autoridades\">[+]<\/a><\/p>\n","protected":false},"author":18,"featured_media":0,"parent":286,"menu_order":1,"comment_status":"closed","ping_status":"closed","template":"","meta":[],"acf":[],"_links":{"self":[{"href":"https:\/\/isfdyt239-bue.infd.edu.ar\/sitio\/wp-json\/wp\/v2\/pages\/828"}],"collection":[{"href":"https:\/\/isfdyt239-bue.infd.edu.ar\/sitio\/wp-json\/wp\/v2\/pages"}],"about":[{"href":"https:\/\/isfdyt239-bue.infd.edu.ar\/sitio\/wp-json\/wp\/v2\/types\/page"}],"author":[{"embeddable":true,"href":"https:\/\/isfdyt239-bue.infd.edu.ar\/sitio\/wp-json\/wp\/v2\/users\/18"}],"replies":[{"embeddable":true,"href":"https:\/\/isfdyt239-bue.infd.edu.ar\/sitio\/wp-json\/wp\/v2\/comments?post=828"}],"version-history":[{"count":16,"href":"https:\/\/isfdyt239-bue.infd.edu.ar\/sitio\/wp-json\/wp\/v2\/pages\/828\/revisions"}],"predecessor-version":[{"id":1145,"href":"https:\/\/isfdyt239-bue.infd.edu.ar\/sitio\/wp-json\/wp\/v2\/pages\/828\/revisions\/1145"}],"up":[{"embeddable":true,"href":"https:\/\/isfdyt239-bue.infd.edu.ar\/sitio\/wp-json\/wp\/v2\/pages\/286"}],"wp:attachment":[{"href":"https:\/\/isfdyt239-bue.infd.edu.ar\/sitio\/wp-json\/wp\/v2\/media?parent=828"}],"curies":[{"name":"wp","href":"https:\/\/api.w.org\/{rel}","templated":true}]}}