{"id":1121,"date":"2023-06-27T21:16:05","date_gmt":"2023-06-28T00:16:05","guid":{"rendered":"https:\/\/isfdyt239-bue.infd.edu.ar\/sitio\/?page_id=1121"},"modified":"2024-10-26T08:04:43","modified_gmt":"2024-10-26T11:04:43","slug":"inscripcion-cursadas","status":"publish","type":"page","link":"https:\/\/isfdyt239-bue.infd.edu.ar\/sitio\/inscripcion\/inscripcion-cursadas\/","title":{"rendered":"Inscripci\u00f3n a las cursadas"},"content":{"rendered":"\n<p>Deber\u00e1 ingresar al siguiente formulario para dar comienzo al proceso de inscripci\u00f3n a las cursadas de las materias que usted seleccione. Recuerde todos los aspectos siguientes a tener en cuenta seg\u00fan <a href=\"https:\/\/drive.google.com\/file\/d\/1NJ9mTQlaP7PJnBPvyPHMU_GYfm52oo6d\/view?usp=sharing\" data-type=\"URL\" data-id=\"https:\/\/drive.google.com\/file\/d\/1NJ9mTQlaP7PJnBPvyPHMU_GYfm52oo6d\/view?usp=sharing\" target=\"_blank\" rel=\"noreferrer noopener\">Resoluci\u00f3n 4043\/09<\/a>.<\/p>\n\n\n\n<ul>\n<li>Puede inscribirse como regular o libre. Regular indica que va a cursar de manera sistem\u00e1tica la materia, por otro lado Libre indica que no va a cursar la materia durante el presente ciclo lectivo y que rendir\u00e1 la misma en el primer llamado de la Mesa de Final de Diciembre.<\/li>\n\n\n\n<li>Si usted se inscribe y luego decide no cursar la materia, o el porcentaje de asistencia no llega al m\u00ednimo, ser\u00e1 calificado como \u00abAusente\u00bb y perder\u00e1 la condici\u00f3n de regular. Haciendo as\u00ed que el a\u00f1o siguiente al ciclo lectivo donde se inscribi\u00f3, sea recursante de esa materia.<\/li>\n<\/ul>\n\n\n\n<figure class=\"wp-block-table alignwide is-style-stripes\"><table class=\"has-fixed-layout\"><tbody><tr><td class=\"has-text-align-center\" data-align=\"center\"><strong>Carrera<\/strong><\/td><td class=\"has-text-align-center\" data-align=\"center\"><strong>Link al formulario de inscripci\u00f3n<\/strong><\/td><\/tr><tr><td class=\"has-text-align-center\" data-align=\"center\">Tecnicatura Superior en Higiene y Seguridad en el Trabajo<\/td><td class=\"has-text-align-center\" data-align=\"center\"><a href=\"https:\/\/forms.gle\/TM25EMrcGLQ95BUZ9\" data-type=\"URL\" data-id=\"https:\/\/forms.gle\/TM25EMrcGLQ95BUZ9\" target=\"_blank\" rel=\"noreferrer noopener\">Link<\/a><\/td><\/tr><tr><td class=\"has-text-align-center\" data-align=\"center\">Tecnicatura Superior en Acompa\u00f1amiento Terap\u00e9utico<\/td><td class=\"has-text-align-center\" data-align=\"center\"><a href=\"https:\/\/forms.gle\/F6o3mLggnt9sbJxLA\" data-type=\"URL\" data-id=\"https:\/\/forms.gle\/F6o3mLggnt9sbJxLA\" target=\"_blank\" rel=\"noreferrer noopener\">Li<\/a><a rel=\"noreferrer noopener\" href=\"https:\/\/forms.gle\/RNHA3uNzz7ejvoY27\" data-type=\"URL\" data-id=\"https:\/\/forms.gle\/RNHA3uNzz7ejvoY27\" target=\"_blank\">nk<\/a><\/td><\/tr><tr><td class=\"has-text-align-center\" data-align=\"center\">Profesorado de Educaci\u00f3n Secundaria en Historia<\/td><td class=\"has-text-align-center\" data-align=\"center\"><a href=\"https:\/\/forms.gle\/B7BZ31ssE5DXsLhs8\" data-type=\"URL\" data-id=\"https:\/\/forms.gle\/B7BZ31ssE5DXsLhs8\" target=\"_blank\" rel=\"noreferrer noopener\">Link<\/a><\/td><\/tr><\/tbody><\/table><\/figure>\n\n\n\n<p><\/p>\n","protected":false},"excerpt":{"rendered":"<p>Deber\u00e1 ingresar al siguiente formulario para dar comienzo al proceso de inscripci\u00f3n a las cursadas de las materias que usted seleccione. Recuerde todos los aspectos siguientes a tener en cuenta seg\u00fan Resoluci\u00f3n 4043\/09. Carrera Link al formulario de inscripci\u00f3n Tecnicatura Superior en Higiene y Seguridad en el Trabajo Link Tecnicatura Superior en Acompa\u00f1amiento Terap\u00e9utico Link &#8230; <a title=\"Inscripci\u00f3n a las cursadas\" class=\"read-more\" href=\"https:\/\/isfdyt239-bue.infd.edu.ar\/sitio\/inscripcion\/inscripcion-cursadas\/\" aria-label=\"M\u00e1s en Inscripci\u00f3n a las cursadas\">[+]<\/a><\/p>\n","protected":false},"author":18,"featured_media":0,"parent":892,"menu_order":1,"comment_status":"closed","ping_status":"closed","template":"","meta":[],"acf":[],"_links":{"self":[{"href":"https:\/\/isfdyt239-bue.infd.edu.ar\/sitio\/wp-json\/wp\/v2\/pages\/1121"}],"collection":[{"href":"https:\/\/isfdyt239-bue.infd.edu.ar\/sitio\/wp-json\/wp\/v2\/pages"}],"about":[{"href":"https:\/\/isfdyt239-bue.infd.edu.ar\/sitio\/wp-json\/wp\/v2\/types\/page"}],"author":[{"embeddable":true,"href":"https:\/\/isfdyt239-bue.infd.edu.ar\/sitio\/wp-json\/wp\/v2\/users\/18"}],"replies":[{"embeddable":true,"href":"https:\/\/isfdyt239-bue.infd.edu.ar\/sitio\/wp-json\/wp\/v2\/comments?post=1121"}],"version-history":[{"count":7,"href":"https:\/\/isfdyt239-bue.infd.edu.ar\/sitio\/wp-json\/wp\/v2\/pages\/1121\/revisions"}],"predecessor-version":[{"id":1354,"href":"https:\/\/isfdyt239-bue.infd.edu.ar\/sitio\/wp-json\/wp\/v2\/pages\/1121\/revisions\/1354"}],"up":[{"embeddable":true,"href":"https:\/\/isfdyt239-bue.infd.edu.ar\/sitio\/wp-json\/wp\/v2\/pages\/892"}],"wp:attachment":[{"href":"https:\/\/isfdyt239-bue.infd.edu.ar\/sitio\/wp-json\/wp\/v2\/media?parent=1121"}],"curies":[{"name":"wp","href":"https:\/\/api.w.org\/{rel}","templated":true}]}}