{"id":1055,"date":"2023-03-06T20:14:20","date_gmt":"2023-03-06T23:14:20","guid":{"rendered":"https:\/\/isfdyt239-bue.infd.edu.ar\/sitio\/?page_id=1055"},"modified":"2025-10-28T15:45:51","modified_gmt":"2025-10-28T18:45:51","slug":"cursadas-historia","status":"publish","type":"page","link":"https:\/\/isfdyt239-bue.infd.edu.ar\/sitio\/carreras\/historia\/cursadas-historia\/","title":{"rendered":"Sobre las Cursadas"},"content":{"rendered":"\n<p>En la presente grilla se encuentran los d\u00edas, horarios y sede de las cursadas de cada materia que forma parte del Profesorado de Educaci\u00f3n Secundaria en Historia.<\/p>\n\n\n\n<h4 class=\"wp-block-heading has-text-align-center\">Primer a\u00f1o<\/h4>\n\n\n\n<figure class=\"wp-block-table alignfull\"><table><tbody><tr><td class=\"has-text-align-center\" data-align=\"center\"><strong>Materia<\/strong><\/td><td class=\"has-text-align-center\" data-align=\"center\"><strong>D\u00eda<\/strong><\/td><td class=\"has-text-align-center\" data-align=\"center\"><strong>Horario<\/strong><\/td><td class=\"has-text-align-center\" data-align=\"center\"><strong>Docente<\/strong><\/td><\/tr><tr><td class=\"has-text-align-center\" data-align=\"center\">Cultura Digital y educaci\u00f3n (Primer cuatrimestre)<\/td><td class=\"has-text-align-center\" data-align=\"center\">Martes<\/td><td class=\"has-text-align-center\" data-align=\"center\">13:30 a 15:30<\/td><td class=\"has-text-align-center\" data-align=\"center\">Prof. Miriam Contigiani<\/td><\/tr><tr><td class=\"has-text-align-center\" data-align=\"center\">ESI (Segundo cuatrimestre)<\/td><td class=\"has-text-align-center\" data-align=\"center\">Martes<\/td><td class=\"has-text-align-center\" data-align=\"center\">13:30 a 15:30<\/td><td class=\"has-text-align-center\" data-align=\"center\">Prof. Alessandro Juliana<\/td><\/tr><tr><td class=\"has-text-align-center\" data-align=\"center\">Pedagog\u00eda<\/td><td class=\"has-text-align-center\" data-align=\"center\">Martes*<\/td><td class=\"has-text-align-center\" data-align=\"center\">15:30 a 17:30<\/td><td class=\"has-text-align-center\" data-align=\"center\">Prof. Hern\u00e1n Longobucco<\/td><\/tr><tr><td class=\"has-text-align-center\" data-align=\"center\">Introducci\u00f3n a las Ciencias Sociales y la Historia<\/td><td class=\"has-text-align-center\" data-align=\"center\">Martes*<\/td><td class=\"has-text-align-center\" data-align=\"center\">15:30 a 17:30<\/td><td class=\"has-text-align-center\" data-align=\"center\">Prof. Francisco Durante<\/td><\/tr><tr><td class=\"has-text-align-center\" data-align=\"center\">Pr\u00e1ctica Docente 1 &#8211; Terreno<\/td><td class=\"has-text-align-center\" data-align=\"center\">Mi\u00e9rcoles<\/td><td class=\"has-text-align-center\" data-align=\"center\">14 a 16<\/td><td class=\"has-text-align-center\" data-align=\"center\">Prof. Ricardo Perez Sbrascini<\/td><\/tr><tr><td class=\"has-text-align-center\" data-align=\"center\">Pr\u00e1ctica Docente 1 &#8211; Taller<\/td><td class=\"has-text-align-center\" data-align=\"center\">Mi\u00e9rcoles<\/td><td class=\"has-text-align-center\" data-align=\"center\">16 a 18<\/td><td class=\"has-text-align-center\" data-align=\"center\">Prof. Hern\u00e1n Longobucco<\/td><\/tr><tr><td class=\"has-text-align-center\" data-align=\"center\">Antropolog\u00eda<\/td><td class=\"has-text-align-center\" data-align=\"center\">Jueves<\/td><td class=\"has-text-align-center\" data-align=\"center\">13:30 a 15:30<\/td><td class=\"has-text-align-center\" data-align=\"center\">Prof. Agust\u00edn Rosson<\/td><\/tr><tr><td class=\"has-text-align-center\" data-align=\"center\">Historia Americana 1<\/td><td class=\"has-text-align-center\" data-align=\"center\">Jueves<\/td><td class=\"has-text-align-center\" data-align=\"center\">15:30 a 18:30<\/td><td class=\"has-text-align-center\" data-align=\"center\">Prof. Tatiana Pintos<\/td><\/tr><tr><td class=\"has-text-align-center\" data-align=\"center\">Historia del Mundo Antiguo<\/td><td class=\"has-text-align-center\" data-align=\"center\">Viernes<\/td><td class=\"has-text-align-center\" data-align=\"center\">13:30 a 16:30<\/td><td class=\"has-text-align-center\" data-align=\"center\">Prof. Juan Pablo Cohen<\/td><\/tr><tr><td class=\"has-text-align-center\" data-align=\"center\">Educaci\u00f3n y transformaciones sociales contempor\u00e1neas<\/td><td class=\"has-text-align-center\" data-align=\"center\">Viernes**<\/td><td class=\"has-text-align-center\" data-align=\"center\">16:30 a 18:30<\/td><td class=\"has-text-align-center\" data-align=\"center\">Prof. Israel Duarte<\/td><\/tr><tr><td class=\"has-text-align-center\" data-align=\"center\">Geograf\u00eda<\/td><td class=\"has-text-align-center\" data-align=\"center\">Viernes**<\/td><td class=\"has-text-align-center\" data-align=\"center\">16:30 a 18:30<\/td><td class=\"has-text-align-center\" data-align=\"center\">Prof. Aymara Zanotti<\/td><\/tr><\/tbody><\/table><figcaption class=\"wp-element-caption\">* Materias en Pr\u00e1cticas Pedag\u00f3gicas Combinadas (PPC), se cursan de manera presencial en forma quincenal, mientras que la semana no presencial es de forma asincr\u00f3nica.<br>**Materias en Pr\u00e1cticas Pedag\u00f3gicas Combinadas (PPC), se cursan de manera presencial en forma quincenal, mientras que la semana no presencial es de forma asincr\u00f3nica.<\/figcaption><\/figure>\n\n\n\n<h4 class=\"wp-block-heading has-text-align-center\">Segundo a\u00f1o<\/h4>\n\n\n\n<figure class=\"wp-block-table alignfull\"><table><tbody><tr><td class=\"has-text-align-center\" data-align=\"center\"><strong>Materia<\/strong><\/td><td class=\"has-text-align-center\" data-align=\"center\"><strong>D\u00eda<\/strong><\/td><td class=\"has-text-align-center\" data-align=\"center\"><strong>Horario<\/strong><\/td><td class=\"has-text-align-center\" data-align=\"center\"><strong>Docente<\/strong><\/td><\/tr><tr><td class=\"has-text-align-center\" data-align=\"center\">Econom\u00eda Pol\u00edtica<\/td><td class=\"has-text-align-center\" data-align=\"center\">Mi\u00e9rcoles <\/td><td class=\"has-text-align-center\" data-align=\"center\">13:30 a 15:30<\/td><td class=\"has-text-align-center\" data-align=\"center\">Prof. Israel Duarte<\/td><\/tr><tr><td class=\"has-text-align-center\" data-align=\"center\">Historia Americana 2<\/td><td class=\"has-text-align-center\" data-align=\"center\">Martes*<\/td><td class=\"has-text-align-center\" data-align=\"center\">15:30 a 17:30<\/td><td class=\"has-text-align-center\" data-align=\"center\">Prof. Mart\u00edn Fioretti<\/td><\/tr><tr><td class=\"has-text-align-center\" data-align=\"center\">Psicolog\u00eda del Aprendizaje<\/td><td class=\"has-text-align-center\" data-align=\"center\">Martes**<\/td><td class=\"has-text-align-center\" data-align=\"center\">15:30 a 17:30<\/td><td class=\"has-text-align-center\" data-align=\"center\">Prof. Gustavo Corvera<\/td><\/tr><tr><td class=\"has-text-align-center\" data-align=\"center\">Did\u00e1ctica de las Ciencias Sociales<\/td><td class=\"has-text-align-center\" data-align=\"center\">Martes**<\/td><td class=\"has-text-align-center\" data-align=\"center\">13:30 a 15:30<\/td><td class=\"has-text-align-center\" data-align=\"center\"> Prof. Giuliana Vargas<\/td><\/tr><tr><td class=\"has-text-align-center\" data-align=\"center\">Pr\u00e1ctica Docente 2 &#8211; Taller<\/td><td class=\"has-text-align-center\" data-align=\"center\">Jueves<\/td><td class=\"has-text-align-center\" data-align=\"center\">13:30 a 15:30<\/td><td class=\"has-text-align-center\" data-align=\"center\">Prof. Hern\u00e1n Longobucco<\/td><\/tr><tr><td class=\"has-text-align-center\" data-align=\"center\">Pr\u00e1ctica Docente 2 &#8211; Terreno<\/td><td class=\"has-text-align-center\" data-align=\"center\">Jueves<\/td><td class=\"has-text-align-center\" data-align=\"center\">15:30 a 17:30<\/td><td class=\"has-text-align-center\" data-align=\"center\">Prof. Pelaez, Sabrina<\/td><\/tr><tr><td class=\"has-text-align-center\" data-align=\"center\">An\u00e1lisis de las instituciones educativas (Primer cuatrimestre)<\/td><td class=\"has-text-align-center\" data-align=\"center\">Viernes<\/td><td class=\"has-text-align-center\" data-align=\"center\">13:30 a 15:30<\/td><td class=\"has-text-align-center\" data-align=\"center\">Prof. Estela Mill\u00e1n<\/td><\/tr><tr><td class=\"has-text-align-center\" data-align=\"center\">Historia del Mundo Medieval (Primer cuatrimestre)<\/td><td class=\"has-text-align-center\" data-align=\"center\">mi\u00e9rcoles <\/td><td class=\"has-text-align-center\" data-align=\"center\">15:30 a 17:30<\/td><td class=\"has-text-align-center\" data-align=\"center\">Prof. Juan Pablo Cohen<\/td><\/tr><tr><td class=\"has-text-align-center\" data-align=\"center\">Historia del Mundo Moderno (Segundo cuatrimestre)<\/td><td class=\"has-text-align-center\" data-align=\"center\">Mi\u00e9rcoles <\/td><td class=\"has-text-align-center\" data-align=\"center\">15:30 a 17:30<\/td><td class=\"has-text-align-center\" data-align=\"center\">Prof. Mart\u00edn Felice<\/td><\/tr><tr><td class=\"has-text-align-center\" data-align=\"center\">Pensamiento pol\u00edtico pedag\u00f3gico contempor\u00e1neo (Primer cuatrimestre)<\/td><td class=\"has-text-align-center\" data-align=\"center\">Viernes*<\/td><td class=\"has-text-align-center\" data-align=\"center\">15:30 a 17:30<\/td><td class=\"has-text-align-center\" data-align=\"center\">Prof. Andrea Iotti<\/td><\/tr><tr><td class=\"has-text-align-center\" data-align=\"center\">Did\u00e1ctica y curriculum (Primer cuatrimestre)<\/td><td class=\"has-text-align-center\" data-align=\"center\">martes **<\/td><td class=\"has-text-align-center\" data-align=\"center\">13:30 a 15:30 <\/td><td class=\"has-text-align-center\" data-align=\"center\">Prof. Terra Echeto Juan<\/td><\/tr><tr><td class=\"has-text-align-center\" data-align=\"center\">Problemas de Asia y \u00c1frica (Segundo cuatrimestre)<\/td><td class=\"has-text-align-center\" data-align=\"center\">Viernes <\/td><td class=\"has-text-align-center\" data-align=\"center\">13:30 a 15:30<\/td><td class=\"has-text-align-center\" data-align=\"center\">Prof. Petrongolo Amalia <\/td><\/tr><tr><td class=\"has-text-align-center\" data-align=\"center\">Sociolog\u00eda<\/td><td class=\"has-text-align-center\" data-align=\"center\">Viernes*<\/td><td class=\"has-text-align-center\" data-align=\"center\">15:30 a 17:30<\/td><td class=\"has-text-align-center\" data-align=\"center\">Prof. Sof\u00eda Pinco<\/td><\/tr><\/tbody><\/table><figcaption class=\"wp-element-caption\">* Materias en Pr\u00e1cticas Pedag\u00f3gicas Combinadas (PPC), se cursan de manera presencial en forma quincenal, mientras que la semana no presencial es de forma asincr\u00f3nica.<br>**Materias en Pr\u00e1cticas Pedag\u00f3gicas Combinadas (PPC), se cursan de manera presencial en forma quincenal, mientras que la semana no presencial es de forma asincr\u00f3nica.<br>***Materias en Pr\u00e1cticas Pedag\u00f3gicas Combinadas (PPC), se cursan de manera presencial en forma quincenal, mientras que la semana no presencial es de forma asincr\u00f3nica.<br><\/figcaption><\/figure>\n\n\n\n<h2 class=\"wp-block-heading\">                                            Tercer a\u00f1o <\/h2>\n\n\n\n<figure class=\"wp-block-table is-style-regular\"><table><tbody><tr><td class=\"has-text-align-center\" data-align=\"center\"><strong>Materia<\/strong><\/td><td class=\"has-text-align-center\" data-align=\"center\"><strong>D\u00eda<\/strong><\/td><td class=\"has-text-align-center\" data-align=\"center\"><strong>Horario<\/strong><\/td><td class=\"has-text-align-center\" data-align=\"center\"><strong>Docente<\/strong><\/td><\/tr><tr><td class=\"has-text-align-center\" data-align=\"center\">Pr\u00e1ctica Terreno 3<\/td><td class=\"has-text-align-center\" data-align=\"center\">Martes <\/td><td class=\"has-text-align-center\" data-align=\"center\">20:30 a 21:30<\/td><td class=\"has-text-align-center\" data-align=\"center\">Prof. Duarte Israel<\/td><\/tr><tr><td class=\"has-text-align-center\" data-align=\"center\">Pr\u00e1ctica Taller 3 <\/td><td class=\"has-text-align-center\" data-align=\"center\">Viernes<\/td><td class=\"has-text-align-center\" data-align=\"center\">18 a 20<\/td><td class=\"has-text-align-center\" data-align=\"center\">Prof. Mellado Celeste<\/td><\/tr><tr><td class=\"has-text-align-center\" data-align=\"center\">Historia Argentina 1<\/td><td class=\"has-text-align-center\" data-align=\"center\">Martes<\/td><td class=\"has-text-align-center\" data-align=\"center\">17:30 a 20:30<\/td><td class=\"has-text-align-center\" data-align=\"center\">Prof. Fioretti Mart\u00edn<\/td><\/tr><tr><td class=\"has-text-align-center\" data-align=\"center\">Historia del Mundo Contempor\u00e1neo<\/td><td class=\"has-text-align-center\" data-align=\"center\">Mi\u00e9rcoles <\/td><td class=\"has-text-align-center\" data-align=\"center\">17 a 20<\/td><td class=\"has-text-align-center\" data-align=\"center\">Prof. Ghiodi Luca<\/td><\/tr><tr><td class=\"has-text-align-center\" data-align=\"center\">Teor\u00eda e Historia de la Historiograf\u00eda<\/td><td class=\"has-text-align-center\" data-align=\"center\">Mi\u00e9rcoles*<\/td><td class=\"has-text-align-center\" data-align=\"center\">20 a 22<\/td><td class=\"has-text-align-center\" data-align=\"center\">Prof. Durante Francisco<\/td><\/tr><tr><td class=\"has-text-align-center\" data-align=\"center\">Did\u00e1ctica de la Historia <\/td><td class=\"has-text-align-center\" data-align=\"center\">Mi\u00e9rcoles*<\/td><td class=\"has-text-align-center\" data-align=\"center\">20   a 22<\/td><td class=\"has-text-align-center\" data-align=\"center\">Prof. Vargas Giuliana<\/td><\/tr><tr><td class=\"has-text-align-center\" data-align=\"center\">Trayectoria educativas de j\u00f3venes y adultos (primer cuatrimestre)<\/td><td class=\"has-text-align-center\" data-align=\"center\">Jueves<\/td><td class=\"has-text-align-center\" data-align=\"center\">18 a 20<\/td><td class=\"has-text-align-center\" data-align=\"center\">Prof. Riccheri Florencia<\/td><\/tr><tr><td class=\"has-text-align-center\" data-align=\"center\">Historia Latinoamericana (segundo cuatrimestre)<\/td><td class=\"has-text-align-center\" data-align=\"center\">Jueves<\/td><td class=\"has-text-align-center\" data-align=\"center\">18 a 20<\/td><td class=\"has-text-align-center\" data-align=\"center\">Prof. Felice Mart\u00edn<\/td><\/tr><tr><td class=\"has-text-align-center\" data-align=\"center\">Pol\u00edtica Educativa Argentina 2<\/td><td class=\"has-text-align-center\" data-align=\"center\">Jueves**<\/td><td class=\"has-text-align-center\" data-align=\"center\">20 a 22<\/td><td class=\"has-text-align-center\" data-align=\"center\">Prof. Longobucco Hern\u00e1n<\/td><\/tr><tr><td class=\"has-text-align-center\" data-align=\"center\">Problemas Filos\u00f3ficos de la educaci\u00f3n<\/td><td class=\"has-text-align-center\" data-align=\"center\">Jueves** <\/td><td class=\"has-text-align-center\" data-align=\"center\">20 a 22<\/td><td class=\"has-text-align-center\" data-align=\"center\">Prof. Olarte Lautaro<\/td><\/tr><tr><td class=\"has-text-align-center\" data-align=\"center\">Problemas de Asia y \u00c1frica 2<\/td><td class=\"has-text-align-center\" data-align=\"center\"><\/td><td class=\"has-text-align-center\" data-align=\"center\"><\/td><td class=\"has-text-align-center\" data-align=\"center\">Prof. Petrongolo Amalia<\/td><\/tr><tr><td class=\"has-text-align-center\" data-align=\"center\"><\/td><td class=\"has-text-align-center\" data-align=\"center\"><\/td><td class=\"has-text-align-center\" data-align=\"center\"><\/td><td class=\"has-text-align-center\" data-align=\"center\"><\/td><\/tr><\/tbody><\/table><\/figure>\n","protected":false},"excerpt":{"rendered":"<p>En la presente grilla se encuentran los d\u00edas, horarios y sede de las cursadas de cada materia que forma parte del Profesorado de Educaci\u00f3n Secundaria en Historia. Primer a\u00f1o Materia D\u00eda Horario Docente Cultura Digital y educaci\u00f3n (Primer cuatrimestre) Martes 13:30 a 15:30 Prof. Miriam Contigiani ESI (Segundo cuatrimestre) Martes 13:30 a 15:30 Prof. Alessandro &#8230; <a title=\"Sobre las Cursadas\" class=\"read-more\" href=\"https:\/\/isfdyt239-bue.infd.edu.ar\/sitio\/carreras\/historia\/cursadas-historia\/\" aria-label=\"M\u00e1s en Sobre las Cursadas\">[+]<\/a><\/p>\n","protected":false},"author":18,"featured_media":0,"parent":1042,"menu_order":0,"comment_status":"closed","ping_status":"closed","template":"","meta":[],"acf":[],"_links":{"self":[{"href":"https:\/\/isfdyt239-bue.infd.edu.ar\/sitio\/wp-json\/wp\/v2\/pages\/1055"}],"collection":[{"href":"https:\/\/isfdyt239-bue.infd.edu.ar\/sitio\/wp-json\/wp\/v2\/pages"}],"about":[{"href":"https:\/\/isfdyt239-bue.infd.edu.ar\/sitio\/wp-json\/wp\/v2\/types\/page"}],"author":[{"embeddable":true,"href":"https:\/\/isfdyt239-bue.infd.edu.ar\/sitio\/wp-json\/wp\/v2\/users\/18"}],"replies":[{"embeddable":true,"href":"https:\/\/isfdyt239-bue.infd.edu.ar\/sitio\/wp-json\/wp\/v2\/comments?post=1055"}],"version-history":[{"count":35,"href":"https:\/\/isfdyt239-bue.infd.edu.ar\/sitio\/wp-json\/wp\/v2\/pages\/1055\/revisions"}],"predecessor-version":[{"id":1447,"href":"https:\/\/isfdyt239-bue.infd.edu.ar\/sitio\/wp-json\/wp\/v2\/pages\/1055\/revisions\/1447"}],"up":[{"embeddable":true,"href":"https:\/\/isfdyt239-bue.infd.edu.ar\/sitio\/wp-json\/wp\/v2\/pages\/1042"}],"wp:attachment":[{"href":"https:\/\/isfdyt239-bue.infd.edu.ar\/sitio\/wp-json\/wp\/v2\/media?parent=1055"}],"curies":[{"name":"wp","href":"https:\/\/api.w.org\/{rel}","templated":true}]}}