{"id":1049,"date":"2023-03-06T20:13:46","date_gmt":"2023-03-06T23:13:46","guid":{"rendered":"https:\/\/isfdyt239-bue.infd.edu.ar\/sitio\/?page_id=1049"},"modified":"2024-03-07T06:51:31","modified_gmt":"2024-03-07T09:51:31","slug":"programa-historia","status":"publish","type":"page","link":"https:\/\/isfdyt239-bue.infd.edu.ar\/sitio\/carreras\/historia\/programa-historia\/","title":{"rendered":"Plan de Estudios"},"content":{"rendered":"\n<p>La Resoluci\u00f3n que rige la estructura curricular del Profesorado de Educaci\u00f3n Secundaria en Historia es la <a rel=\"noreferrer noopener\" href=\"https:\/\/drive.google.com\/file\/d\/1F1Fszc0xL-RgutCa1EirpgtLzMGvlNKF\/view?usp=share_link\" data-type=\"URL\" data-id=\"https:\/\/drive.google.com\/file\/d\/1F1Fszc0xL-RgutCa1EirpgtLzMGvlNKF\/view?usp=share_link\" target=\"_blank\">Resoluci\u00f3n N\u00b0 3609\/22<\/a> de la Direcci\u00f3n General de Cultura y Educaci\u00f3n de la Provincia de Buenos Aires.<\/p>\n\n\n\n<figure class=\"wp-block-table alignwide is-style-stripes\"><table><tbody><tr><td class=\"has-text-align-center\" data-align=\"center\"><strong>Pedagog\u00eda<\/strong><\/td><td class=\"has-text-align-center\" data-align=\"center\"><strong>Educaci\u00f3n y transformaciones sociales contempor\u00e1neas<\/strong><\/td><td class=\"has-text-align-center\" data-align=\"center\"><strong>ESI*<\/strong><\/td><td class=\"has-text-align-center\" data-align=\"center\"><strong>Cultura Digital y educaci\u00f3n*<\/strong><\/td><td class=\"has-text-align-center\" data-align=\"center\"><strong>Historia del Mundo Antiguo<\/strong><\/td><td class=\"has-text-align-center\" data-align=\"center\"><strong>Historia Americana I: del poblamiento a la invasi\u00f3n europea<\/strong><\/td><td class=\"has-text-align-center\" data-align=\"center\"><strong>Antropolog\u00eda<\/strong><\/td><td class=\"has-text-align-center\" data-align=\"center\"><strong>Introducci\u00f3n a las Ciencias Sociales y la Historia<\/strong><\/td><td class=\"has-text-align-center\" data-align=\"center\"><strong>Geograf\u00eda<\/strong><\/td><td class=\"has-text-align-center\" data-align=\"center\"><strong>Pr\u00e1ctica Docente I<\/strong><\/td><\/tr><tr><td class=\"has-text-align-center\" data-align=\"center\">64 horas<\/td><td class=\"has-text-align-center\" data-align=\"center\">64 horas<\/td><td class=\"has-text-align-center\" data-align=\"center\">32 horas<\/td><td class=\"has-text-align-center\" data-align=\"center\">32 horas<\/td><td class=\"has-text-align-center\" data-align=\"center\">96 horas<\/td><td class=\"has-text-align-center\" data-align=\"center\">96 horas<\/td><td class=\"has-text-align-center\" data-align=\"center\">64 horas<\/td><td class=\"has-text-align-center\" data-align=\"center\">64 horas<\/td><td class=\"has-text-align-center\" data-align=\"center\">64 horas<\/td><td class=\"has-text-align-center\" data-align=\"center\">128 horas<\/td><\/tr><\/tbody><\/table><figcaption class=\"wp-element-caption\">Primer a\u00f1o del Profesorado de Educaci\u00f3n Secundaria en Historia<\/figcaption><\/figure>\n\n\n\n<figure class=\"wp-block-table alignwide is-style-stripes\"><table><tbody><tr><td class=\"has-text-align-center\" data-align=\"center\"><strong>Did\u00e1ctica y curriculum<\/strong><\/td><td class=\"has-text-align-center\" data-align=\"center\"><strong>Psicolog\u00eda del aprendizaje<\/strong><\/td><td class=\"has-text-align-center\" data-align=\"center\"><strong>An\u00e1lisis de las instituciones educativas*<\/strong><\/td><td class=\"has-text-align-center\" data-align=\"center\"><strong>Pensamiento pol\u00edtico pedag\u00f3gico latinoamericano<\/strong><\/td><td class=\"has-text-align-center\" data-align=\"center\"><strong>Did\u00e1ctica de las Ciencias Sociales<\/strong><\/td><td class=\"has-text-align-center\" data-align=\"center\"><strong>Historia Americana II: de la invasi\u00f3n europea hasta la crisis del orden colonial<\/strong><\/td><td class=\"has-text-align-center\" data-align=\"center\"><strong>Sociolog\u00eda<\/strong><\/td><td class=\"has-text-align-center\" data-align=\"center\"><strong>Econom\u00eda Pol\u00edtica<\/strong><\/td><td class=\"has-text-align-center\" data-align=\"center\"><strong>Historia del Mundo Medieval<\/strong>*<\/td><td class=\"has-text-align-center\" data-align=\"center\"><strong>Problemas de Asia y \u00c1frica I<\/strong>*<\/td><td class=\"has-text-align-center\" data-align=\"center\"><strong>Historia del Mundo Moderno<\/strong>*<\/td><td class=\"has-text-align-center\" data-align=\"center\"><strong>Pr\u00e1ctica Docente II<\/strong><\/td><\/tr><tr><td class=\"has-text-align-center\" data-align=\"center\">64 horas<\/td><td class=\"has-text-align-center\" data-align=\"center\">64 horas<\/td><td class=\"has-text-align-center\" data-align=\"center\">32 horas<\/td><td class=\"has-text-align-center\" data-align=\"center\">64 horas<\/td><td class=\"has-text-align-center\" data-align=\"center\">64 horas<\/td><td class=\"has-text-align-center\" data-align=\"center\">64 horas<\/td><td class=\"has-text-align-center\" data-align=\"center\">64 horas<\/td><td class=\"has-text-align-center\" data-align=\"center\">64 horas<\/td><td class=\"has-text-align-center\" data-align=\"center\">48 horas<\/td><td class=\"has-text-align-center\" data-align=\"center\">48 horas<\/td><td class=\"has-text-align-center\" data-align=\"center\">48 horas<\/td><td class=\"has-text-align-center\" data-align=\"center\">128 horas<\/td><\/tr><\/tbody><\/table><figcaption class=\"wp-element-caption\">Segundo a\u00f1o del Profesorado de Educaci\u00f3n Secundaria en Historia<\/figcaption><\/figure>\n\n\n\n<figure class=\"wp-block-table alignwide is-style-stripes\"><table><tbody><tr><td class=\"has-text-align-center\" data-align=\"center\"><strong>Pol\u00edtica educativa argentina<\/strong><\/td><td class=\"has-text-align-center\" data-align=\"center\"><strong>Problemas filos\u00f3ficos de la educaci\u00f3n<\/strong><\/td><td class=\"has-text-align-center\" data-align=\"center\"><strong>Trayectorias educativas de j\u00f3venes y adultos<\/strong>*<\/td><td class=\"has-text-align-center\" data-align=\"center\"><strong>Did\u00e1ctica de la Historia<\/strong><\/td><td class=\"has-text-align-center\" data-align=\"center\"><strong>Historia del Mundo Contempor\u00e1neo<\/strong><\/td><td class=\"has-text-align-center\" data-align=\"center\"><strong>Historia Argentina I<\/strong><\/td><td class=\"has-text-align-center\" data-align=\"center\"><strong>Teor\u00eda e Historia de la Historiograf\u00eda<\/strong><\/td><td class=\"has-text-align-center\" data-align=\"center\"><strong>Problemas de Asia y \u00c1frica II*<\/strong><\/td><td class=\"has-text-align-center\" data-align=\"center\"><strong>Historia Latinoamericana  I: de la crisis del orden colonial a la formaci\u00f3n de los Estados nacionales<\/strong>*<\/td><td class=\"has-text-align-center\" data-align=\"center\"><strong>Pr\u00e1ctica docente III<\/strong><\/td><\/tr><tr><td class=\"has-text-align-center\" data-align=\"center\">64 horas<\/td><td class=\"has-text-align-center\" data-align=\"center\">64 horas<\/td><td class=\"has-text-align-center\" data-align=\"center\">32 horas<\/td><td class=\"has-text-align-center\" data-align=\"center\">64 horas<\/td><td class=\"has-text-align-center\" data-align=\"center\">96 horas<\/td><td class=\"has-text-align-center\" data-align=\"center\">96 horas<\/td><td class=\"has-text-align-center\" data-align=\"center\">64 horas<\/td><td class=\"has-text-align-center\" data-align=\"center\">48 horas<\/td><td class=\"has-text-align-center\" data-align=\"center\">48 horas<\/td><td class=\"has-text-align-center\" data-align=\"center\">160 horas<\/td><\/tr><\/tbody><\/table><figcaption class=\"wp-element-caption\">Tercer a\u00f1o del Profesorado de Educaci\u00f3n Secundaria en Historia<\/figcaption><\/figure>\n\n\n\n<figure class=\"wp-block-table alignwide is-style-stripes\"><table><tbody><tr><td class=\"has-text-align-center\" data-align=\"center\"><strong>Reflexi\u00f3n filos\u00f3fica &#8211; pol\u00edtica de la pr\u00e1ctica docente<\/strong><\/td><td class=\"has-text-align-center\" data-align=\"center\"><strong>Derechos, interculturalidad y ciudadan\u00eda*<\/strong><\/td><td class=\"has-text-align-center\" data-align=\"center\"><strong>Espacio de Opci\u00f3n Institucional &#8211; General*<\/strong><\/td><td class=\"has-text-align-center\" data-align=\"center\"><strong>La Ense\u00f1anza de la Historia en la Escuela Secundaria<\/strong><\/td><td class=\"has-text-align-center\" data-align=\"center\"><strong>Problemas del Mundo Actual<\/strong><\/td><td class=\"has-text-align-center\" data-align=\"center\"><strong>Historia Latinoamericana II: de la conformaci\u00f3n de los Estados nacionales a la actualidad<\/strong><\/td><td class=\"has-text-align-center\" data-align=\"center\"><strong>Investigaci\u00f3n sobre los problemas de la Historia Argentina reciente<\/strong><\/td><td class=\"has-text-align-center\" data-align=\"center\"><strong>Historia Argentina II<\/strong><\/td><td class=\"has-text-align-center\" data-align=\"center\"><strong>Espacio de Opci\u00f3n Institucional &#8211; Espec\u00edfico*<\/strong><\/td><td class=\"has-text-align-center\" data-align=\"center\"><strong>Unidad curricular optativa (UCO)<\/strong><\/td><td class=\"has-text-align-center\" data-align=\"center\"><strong>Pr\u00e1ctica docente IV<\/strong><\/td><\/tr><tr><td class=\"has-text-align-center\" data-align=\"center\">64 horas<\/td><td class=\"has-text-align-center\" data-align=\"center\">32 horas<\/td><td class=\"has-text-align-center\" data-align=\"center\">32 horas<\/td><td class=\"has-text-align-center\" data-align=\"center\">64 horas<\/td><td class=\"has-text-align-center\" data-align=\"center\">64 horas<\/td><td class=\"has-text-align-center\" data-align=\"center\">96 horas<\/td><td class=\"has-text-align-center\" data-align=\"center\">64 horas<\/td><td class=\"has-text-align-center\" data-align=\"center\">96 horas<\/td><td class=\"has-text-align-center\" data-align=\"center\">32 horas<\/td><td class=\"has-text-align-center\" data-align=\"center\">64 horas<\/td><td class=\"has-text-align-center\" data-align=\"center\">160 horas<\/td><\/tr><\/tbody><\/table><figcaption class=\"wp-element-caption\">Cuarto a\u00f1o del Profesorado de Educaci\u00f3n Secundaria en Historia<\/figcaption><\/figure>\n\n\n\n<p>*Las materias indicadas se dictan de forma cuatrimestral.<\/p>\n","protected":false},"excerpt":{"rendered":"<p>La Resoluci\u00f3n que rige la estructura curricular del Profesorado de Educaci\u00f3n Secundaria en Historia es la Resoluci\u00f3n N\u00b0 3609\/22 de la Direcci\u00f3n General de Cultura y Educaci\u00f3n de la Provincia de Buenos Aires. Pedagog\u00eda Educaci\u00f3n y transformaciones sociales contempor\u00e1neas ESI* Cultura Digital y educaci\u00f3n* Historia del Mundo Antiguo Historia Americana I: del poblamiento a la &#8230; <a title=\"Plan de Estudios\" class=\"read-more\" href=\"https:\/\/isfdyt239-bue.infd.edu.ar\/sitio\/carreras\/historia\/programa-historia\/\" aria-label=\"M\u00e1s en Plan de Estudios\">[+]<\/a><\/p>\n","protected":false},"author":18,"featured_media":0,"parent":1042,"menu_order":0,"comment_status":"closed","ping_status":"closed","template":"","meta":[],"acf":[],"_links":{"self":[{"href":"https:\/\/isfdyt239-bue.infd.edu.ar\/sitio\/wp-json\/wp\/v2\/pages\/1049"}],"collection":[{"href":"https:\/\/isfdyt239-bue.infd.edu.ar\/sitio\/wp-json\/wp\/v2\/pages"}],"about":[{"href":"https:\/\/isfdyt239-bue.infd.edu.ar\/sitio\/wp-json\/wp\/v2\/types\/page"}],"author":[{"embeddable":true,"href":"https:\/\/isfdyt239-bue.infd.edu.ar\/sitio\/wp-json\/wp\/v2\/users\/18"}],"replies":[{"embeddable":true,"href":"https:\/\/isfdyt239-bue.infd.edu.ar\/sitio\/wp-json\/wp\/v2\/comments?post=1049"}],"version-history":[{"count":7,"href":"https:\/\/isfdyt239-bue.infd.edu.ar\/sitio\/wp-json\/wp\/v2\/pages\/1049\/revisions"}],"predecessor-version":[{"id":1224,"href":"https:\/\/isfdyt239-bue.infd.edu.ar\/sitio\/wp-json\/wp\/v2\/pages\/1049\/revisions\/1224"}],"up":[{"embeddable":true,"href":"https:\/\/isfdyt239-bue.infd.edu.ar\/sitio\/wp-json\/wp\/v2\/pages\/1042"}],"wp:attachment":[{"href":"https:\/\/isfdyt239-bue.infd.edu.ar\/sitio\/wp-json\/wp\/v2\/media?parent=1049"}],"curies":[{"name":"wp","href":"https:\/\/api.w.org\/{rel}","templated":true}]}}