{"id":1042,"date":"2023-03-04T11:38:12","date_gmt":"2023-03-04T14:38:12","guid":{"rendered":"https:\/\/isfdyt239-bue.infd.edu.ar\/sitio\/?page_id=1042"},"modified":"2023-03-06T20:22:01","modified_gmt":"2023-03-06T23:22:01","slug":"historia","status":"publish","type":"page","link":"https:\/\/isfdyt239-bue.infd.edu.ar\/sitio\/carreras\/historia\/","title":{"rendered":"Profesorado de Educaci\u00f3n Secundaria en Historia"},"content":{"rendered":"\n<p>El objetivo de la Carrera de Historia es brindar una formaci\u00f3n s\u00f3lida que permita abordar aspectos econ\u00f3micos, pol\u00edticos y sociales para analizar los distintos procesos hist\u00f3ricos que sucedieron.<\/p>\n\n\n\n<p>La formaci\u00f3n en Historia forma profesionales docentes capaces de entender el contexto actual en funci\u00f3n al conocimiento que adquirieron sobre pasados acontecimientos culturales y sociales; y hacer extensiva esa formaci\u00f3n hacia sus estudiantes. Es la profesi\u00f3n ideal para quienes sientan curiosidad sobre por qu\u00e9 los fen\u00f3menos de masas act\u00faan como lo hacen, y al mismo tiempo para quienes buscan brindar esa pasi\u00f3n y curiosidad a los estudiantes.<\/p>\n\n\n\n<p class=\"has-text-align-center\"><strong>\u00bfPorque estudiar esta carrera?<\/strong><\/p>\n\n\n\n<p>La carrera en Historia es la carrera ideal para los que sienten curiosidad por el pasado y quieren entender el porqu\u00e9 del presente. La cualidad necesaria para estudiar este profesorado es ser una persona cr\u00edtica, anal\u00edtica, observadora, con capacidad de s\u00edntesis y que tenga un gusto por la lectura. Esto \u00faltimo es muy importante porque las herramientas de un historiador consisten en todo tipo de escritos, sean de primera mano o no. A lo largo de la carrera, el estudiante tendr\u00e1 que leer todo tipo de redacciones: art\u00edculos, libros, revistas, tesis, etc., realizar un an\u00e1lisis profundo de sus lecturas y elaborar trabajos escritos de diferentes temas.<\/p>\n\n\n\n<p>Si sientes la necesidad y\/o ganas de conocimiento, si te gusta la lectura y tienes inter\u00e9s por analizar las diversas situaciones y conflictos de la sociedad a lo largo de la historia, el Profesorado en Historia es tu carrera.<\/p>\n\n\n\n<p>Adem\u00e1s, la propia impronta que se busca desde el Instituto 239 es capacitarte para formar parte de un sistema educativo integral y reformador de la realidad, lo cual incluye varias funciones muy atractivas y desafiantes:<\/p>\n\n\n\n<ul>\n<li>Conocer la conformaci\u00f3n del campo de la Historia y de las Ciencias Sociales y marcos conceptuales fundamentales para comprender procesos socio &#8211; culturales presentes y pasados.<\/li>\n\n\n\n<li>Identificar los distintos paradigmas te\u00f3ricos &#8211; metodol\u00f3gicos que coexisten para explicar la realidad hist\u00f3rica social.<\/li>\n\n\n\n<li>Poseer los conocimientos fundamentales de la disciplina hist\u00f3rica integrada al campo social.<\/li>\n\n\n\n<li>Desarrollar metodolog\u00edas para el procesamiento did\u00e1ctico de los contenidos curriculares vigentes.<\/li>\n\n\n\n<li>Impulsar actividades de promoci\u00f3n pedag\u00f3gico relacionada con los estudios hist\u00f3rico &#8211; sociales.<\/li>\n<\/ul>\n\n\n\n<p class=\"has-text-align-center\"><strong><strong>\u00bfD\u00f3nde podr\u00e1s desempe\u00f1arte?<\/strong><\/strong><\/p>\n\n\n\n<p>Hoy en d\u00eda, los historiadores pueden trabajar en docencia y tambi\u00e9n formar equipos con Licenciados dedicados a la investigaci\u00f3n, pero tambi\u00e9n en museos como gu\u00edas, pueden ser escritores y\/o analistas en diversos medios de comunicaci\u00f3n, pueden trabajar en instituciones gubernamentales como no gubernamentales, etc.<\/p>\n\n\n\n<p>De all\u00ed que los alcances de la titulaci\u00f3n sea planificar, conducir y evaluar los procesos de ense\u00f1anza &#8211; aprendizaje en todos los niveles y formas del sistema educativo.<\/p>\n\n\n\n<p>Por otro lado, la pronta salida laboral en el \u00e1mbito docente es uno de los puntos mas fuertes que posee esta formaci\u00f3n. Por ejemplo, en la ciudad de La Plata para ejercer es necesario tener el 50% de las materias aprobadas, en distritos vecinos con el 25% de las materias aprobadas tambi\u00e9n uno puede ejercer. Haciendo de esta formaci\u00f3n una carrera con pronta salida laboral.<\/p>\n\n\n\n<p class=\"has-text-align-center\"><strong>\u00bfPorque estudiar Historia en el Instituto 239?<\/strong><\/p>\n\n\n\n<p>Porque es una instituci\u00f3n educativa de reciente creaci\u00f3n, actualizada a los nuevos entornos y cambios que son necesarios para una educaci\u00f3n de calidad. Porque es una instituci\u00f3n con profesionales altamente capacitados en el trabajo que realizan (profesores, equipo de gesti\u00f3n, equipo de conducci\u00f3n, etc.).<\/p>\n\n\n\n<p>Adem\u00e1s, te ofrecemos:<\/p>\n\n\n\n<ul>\n<li>Horarios de cursada que te permiten trabajar y estudiar, dada la modalidad presencial con encuentros virtuales.<\/li>\n\n\n\n<li>Formaci\u00f3n profesional de calidad y competitiva para integrarte al mundo del trabajo.<\/li>\n\n\n\n<li>Encuentros presenciales, en formato de seminarios, que complementan los espacios formativos y permiten un abordaje integral de tem\u00e1tica y problem\u00e1ticas.<\/li>\n<\/ul>\n","protected":false},"excerpt":{"rendered":"<p>El objetivo de la Carrera de Historia es brindar una formaci\u00f3n s\u00f3lida que permita abordar aspectos econ\u00f3micos, pol\u00edticos y sociales para analizar los distintos procesos hist\u00f3ricos que sucedieron. La formaci\u00f3n en Historia forma profesionales docentes capaces de entender el contexto actual en funci\u00f3n al conocimiento que adquirieron sobre pasados acontecimientos culturales y sociales; y hacer &#8230; <a title=\"Profesorado de Educaci\u00f3n Secundaria en Historia\" class=\"read-more\" href=\"https:\/\/isfdyt239-bue.infd.edu.ar\/sitio\/carreras\/historia\/\" aria-label=\"M\u00e1s en Profesorado de Educaci\u00f3n Secundaria en Historia\">[+]<\/a><\/p>\n","protected":false},"author":18,"featured_media":0,"parent":863,"menu_order":3,"comment_status":"closed","ping_status":"closed","template":"","meta":[],"acf":[],"_links":{"self":[{"href":"https:\/\/isfdyt239-bue.infd.edu.ar\/sitio\/wp-json\/wp\/v2\/pages\/1042"}],"collection":[{"href":"https:\/\/isfdyt239-bue.infd.edu.ar\/sitio\/wp-json\/wp\/v2\/pages"}],"about":[{"href":"https:\/\/isfdyt239-bue.infd.edu.ar\/sitio\/wp-json\/wp\/v2\/types\/page"}],"author":[{"embeddable":true,"href":"https:\/\/isfdyt239-bue.infd.edu.ar\/sitio\/wp-json\/wp\/v2\/users\/18"}],"replies":[{"embeddable":true,"href":"https:\/\/isfdyt239-bue.infd.edu.ar\/sitio\/wp-json\/wp\/v2\/comments?post=1042"}],"version-history":[{"count":2,"href":"https:\/\/isfdyt239-bue.infd.edu.ar\/sitio\/wp-json\/wp\/v2\/pages\/1042\/revisions"}],"predecessor-version":[{"id":1047,"href":"https:\/\/isfdyt239-bue.infd.edu.ar\/sitio\/wp-json\/wp\/v2\/pages\/1042\/revisions\/1047"}],"up":[{"embeddable":true,"href":"https:\/\/isfdyt239-bue.infd.edu.ar\/sitio\/wp-json\/wp\/v2\/pages\/863"}],"wp:attachment":[{"href":"https:\/\/isfdyt239-bue.infd.edu.ar\/sitio\/wp-json\/wp\/v2\/media?parent=1042"}],"curies":[{"name":"wp","href":"https:\/\/api.w.org\/{rel}","templated":true}]}}