{"id":1000,"date":"2022-11-26T13:01:51","date_gmt":"2022-11-26T16:01:51","guid":{"rendered":"https:\/\/isfdyt239-bue.infd.edu.ar\/sitio\/?page_id=1000"},"modified":"2024-04-26T08:57:24","modified_gmt":"2024-04-26T11:57:24","slug":"certificados","status":"publish","type":"page","link":"https:\/\/isfdyt239-bue.infd.edu.ar\/sitio\/docentes\/certificados\/","title":{"rendered":"Certificados"},"content":{"rendered":"\n<p>El docente podr\u00e1 acceder a los formularios correspondientes, imprimirlos y llenarlos. Una vez completo y en momentos de concurrir al Instituto dejarlo en Secretar\u00eda para la correspondiente certificaci\u00f3n.<\/p>\n\n\n\n<h6 class=\"wp-block-heading\">Declaraci\u00f3n Jurada de Horarios<\/h6>\n\n\n\n<p>La presente certificaci\u00f3n se encuentra bajo el esquema actual oficial preparado para imprimirse en tama\u00f1o A4 sin ning\u00fan problema de m\u00e1rgenes, facilitando as\u00ed la universalizaci\u00f3n del mismo.<\/p>\n\n\n\n<p><a href=\"https:\/\/drive.google.com\/file\/d\/10rRv9O2cbzY3ziM4Wo1ytBrrXW-b8Cj4\/view?usp=sharing\" data-type=\"URL\" data-id=\"https:\/\/drive.google.com\/file\/d\/10rRv9O2cbzY3ziM4Wo1ytBrrXW-b8Cj4\/view?usp=sharing\" target=\"_blank\" rel=\"noreferrer noopener\">Declaraci\u00f3n jurada de horarios<\/a><\/p>\n\n\n\n<h6 class=\"wp-block-heading\">Formulario SET 4 Calificaci\u00f3n docente<\/h6>\n\n\n\n<p>La presente certificaci\u00f3n se encuentra bajo el esquema actual oficial preparado para imprimirse en tama\u00f1o A4 sin ning\u00fan problema de m\u00e1rgenes, facilitando as\u00ed la universalizaci\u00f3n del mismo.<\/p>\n\n\n\n<p><a href=\"https:\/\/drive.google.com\/file\/d\/1Smowg_vZwAd5SR8CGh-3x7_8nOQDdjmy\/view?usp=sharing\" data-type=\"URL\" data-id=\"https:\/\/drive.google.com\/file\/d\/1Smowg_vZwAd5SR8CGh-3x7_8nOQDdjmy\/view?usp=sharing\" target=\"_blank\" rel=\"noreferrer noopener\">Formulario SET 4 Calificaci\u00f3n docente<\/a><\/p>\n\n\n\n<h6 class=\"wp-block-heading\">Citaci\u00f3n a Comisiones Evaluadoras<\/h6>\n\n\n\n<p>En caso de que el docente requiera una constancia previa a la conformaci\u00f3n de la Mesa Examinadora, generalmente para constatar y evitar superposici\u00f3n entre Comisiones de varias Instituciones, se les presenta la certificaci\u00f3n correspondiente. Deber\u00e1n llenarla y, seg\u00fan calendario de actividades propuesto por la Secretar\u00eda, presentarla para su sellado.<\/p>\n\n\n\n<p><a href=\"https:\/\/drive.google.com\/file\/d\/1g6wYbo2SIS_09zHM4b5CxduDda2JZeKo\/view?usp=sharing\" data-type=\"URL\" data-id=\"https:\/\/drive.google.com\/file\/d\/1g6wYbo2SIS_09zHM4b5CxduDda2JZeKo\/view?usp=sharing\" target=\"_blank\" rel=\"noreferrer noopener\">Citaci\u00f3n a comisi\u00f3n evaluadora<\/a><\/p>\n","protected":false},"excerpt":{"rendered":"<p>El docente podr\u00e1 acceder a los formularios correspondientes, imprimirlos y llenarlos. Una vez completo y en momentos de concurrir al Instituto dejarlo en Secretar\u00eda para la correspondiente certificaci\u00f3n. Declaraci\u00f3n Jurada de Horarios La presente certificaci\u00f3n se encuentra bajo el esquema actual oficial preparado para imprimirse en tama\u00f1o A4 sin ning\u00fan problema de m\u00e1rgenes, facilitando as\u00ed &#8230; <a title=\"Certificados\" class=\"read-more\" href=\"https:\/\/isfdyt239-bue.infd.edu.ar\/sitio\/docentes\/certificados\/\" aria-label=\"M\u00e1s en Certificados\">[+]<\/a><\/p>\n","protected":false},"author":18,"featured_media":0,"parent":997,"menu_order":0,"comment_status":"closed","ping_status":"closed","template":"","meta":[],"acf":[],"_links":{"self":[{"href":"https:\/\/isfdyt239-bue.infd.edu.ar\/sitio\/wp-json\/wp\/v2\/pages\/1000"}],"collection":[{"href":"https:\/\/isfdyt239-bue.infd.edu.ar\/sitio\/wp-json\/wp\/v2\/pages"}],"about":[{"href":"https:\/\/isfdyt239-bue.infd.edu.ar\/sitio\/wp-json\/wp\/v2\/types\/page"}],"author":[{"embeddable":true,"href":"https:\/\/isfdyt239-bue.infd.edu.ar\/sitio\/wp-json\/wp\/v2\/users\/18"}],"replies":[{"embeddable":true,"href":"https:\/\/isfdyt239-bue.infd.edu.ar\/sitio\/wp-json\/wp\/v2\/comments?post=1000"}],"version-history":[{"count":4,"href":"https:\/\/isfdyt239-bue.infd.edu.ar\/sitio\/wp-json\/wp\/v2\/pages\/1000\/revisions"}],"predecessor-version":[{"id":1327,"href":"https:\/\/isfdyt239-bue.infd.edu.ar\/sitio\/wp-json\/wp\/v2\/pages\/1000\/revisions\/1327"}],"up":[{"embeddable":true,"href":"https:\/\/isfdyt239-bue.infd.edu.ar\/sitio\/wp-json\/wp\/v2\/pages\/997"}],"wp:attachment":[{"href":"https:\/\/isfdyt239-bue.infd.edu.ar\/sitio\/wp-json\/wp\/v2\/media?parent=1000"}],"curies":[{"name":"wp","href":"https:\/\/api.w.org\/{rel}","templated":true}]}}